{"id":6,"date":"2023-02-20T15:33:43","date_gmt":"2023-02-20T18:33:43","guid":{"rendered":"http:\/\/amsystemas.com.br\/blog\/?page_id=6"},"modified":"2025-10-21T17:59:28","modified_gmt":"2025-10-21T20:59:28","slug":"certificado-digital-em-araucaria","status":"publish","type":"page","link":"https:\/\/amsystemas.com.br\/blog\/certificado-digital-em-araucaria\/","title":{"rendered":"Certificado digital em Arauc\u00e1ria e na Amsystemas"},"content":{"rendered":"<div id=\"sp-page\" class=\"spBgcover sp-content-1\" style=\"background-color: rgb(255, 255, 255); font-family: 'Helvetica Neue', Arial, sans-serif; font-weight: 400;\">\n<section id=\"sp-ks8a8s\" data-mobile-visibility=\"#sp-ks8a8s|false\" data-tablet-visibility=\"#sp-ks8a8s|false\" data-desktop-visibility=\"#sp-ks8a8s|false\" data-mobile-css=\"\" data-tablet-css=\"\" class=\"sp-el-section \" style=\"width: 100%; max-width: 100%; padding: 10px;\">\n<div id=\"sp-o0fauh\" data-mobile-visibility=\"#sp-o0fauh|false\" data-tablet-visibility=\"#sp-o0fauh|false\" data-desktop-visibility=\"#sp-o0fauh|false\" data-mobile-css=\"\" data-tablet-css=\"\" class=\"sp-el-row sp-w-full  sp-m-auto sm:sp-flex sp-justify-between\">\n<div id=\"sp-f7mliw\" data-mobile-visibility=\"#sp-f7mliw|false\" data-tablet-visibility=\"#sp-f7mliw|false\" data-desktop-visibility=\"#sp-f7mliw|false\" data-mobile-css=\"\" data-tablet-css=\"\" class=\"sp-el-col  sp-w-full\" style=\"width: calc(100% - 0px);\"><span href=\"\" target=\"\" rel=\"\" class=\"sp-header-block-link\" style=\"text-decoration: none;\"><\/p>\n<h1 id=\"sp-b95ma3\" data-mobile-css=\".sp-headline-block-b95ma3, #sp-b95ma3, #b95ma3|text-align:center;\" data-tablet-css=\".sp-headline-block-b95ma3, #sp-b95ma3, #b95ma3|text-align:center;\" data-mobile-visibility=\".sp-headline-block-b95ma3|false\" data-tablet-visibility=\".sp-headline-block-b95ma3|false\" data-desktop-visibility=\".sp-headline-block-b95ma3|false\" class=\"sp-css-target sp-el-block sp-headline-block-b95ma3 sp-type-header\" style=\"text-align: center; margin: 0px;\">Certificado digital em Arauc\u00e1ria<\/h1>\n<p><\/span><\/div>\n<\/div>\n<div id=\"sp-vw3kvy\" data-mobile-visibility=\"#sp-vw3kvy|false\" data-tablet-visibility=\"#sp-vw3kvy|false\" data-desktop-visibility=\"#sp-vw3kvy|false\" data-mobile-css=\"\" data-tablet-css=\"\" class=\"sp-el-row sp-w-full  sp-m-auto sm:sp-flex sp-justify-between\" style=\"padding: 0px;\">\n<div id=\"sp-xuz3tv\" data-mobile-visibility=\"#sp-xuz3tv|false\" data-tablet-visibility=\"#sp-xuz3tv|false\" data-desktop-visibility=\"#sp-xuz3tv|false\" data-mobile-css=\"\" data-tablet-css=\"\" class=\"sp-el-col  sp-w-full\" style=\"width: calc(100% - 0px);\"><\/div>\n<\/div>\n<div id=\"sp-bv3u1i\" data-mobile-visibility=\"#sp-bv3u1i|false\" data-tablet-visibility=\"#sp-bv3u1i|false\" data-desktop-visibility=\"#sp-bv3u1i|false\" data-mobile-css=\"\" data-tablet-css=\"\" class=\"sp-el-row sp-w-full  sp-m-auto sm:sp-flex sp-justify-between\">\n<div id=\"sp-ev1e40\" data-mobile-visibility=\"#sp-ev1e40|false\" data-tablet-visibility=\"#sp-ev1e40|false\" data-desktop-visibility=\"#sp-ev1e40|false\" data-mobile-css=\"\" data-tablet-css=\"\" class=\"sp-el-col  sp-w-full\" style=\"width: calc(56% - 0px);\">\n<div id=\"sp-sao5nc\" data-mobile-css=\".sp-text-wrapper-sao5nc, #sp-sao5nc, #sao5nc|text-align:left;\" data-tablet-css=\".sp-text-wrapper-sao5nc, #sp-sao5nc, #sao5nc|text-align:left;\" data-mobile-visibility=\".sp-text-wrapper-sao5nc|false\" data-tablet-visibility=\".sp-text-wrapper-sao5nc|false\" data-desktop-visibility=\".sp-text-wrapper-sao5nc|false\" class=\"sp-css-target sp-text-wrapper sp-el-block sp-text-block-style sp-text-wrapper-sao5nc\" style=\"font-size: 30px; font-family: 'Roboto'; margin: 0px; text-align: left;\">\n<p>Precisa emitir seu <b>Certificado Digital em Arauc\u00e1ria?<\/b> A principi<b>o<\/b> Conte com a Amsystemas, que traz para perto de voc\u00ea comodidade,facilidade e seguran\u00e7a na hora de emitir seu certificado.<\/p>\n<\/div>\n<\/div>\n<div id=\"sp-qaez9a\" data-mobile-visibility=\"#sp-qaez9a|false\" data-tablet-visibility=\"#sp-qaez9a|false\" data-desktop-visibility=\"#sp-qaez9a|false\" data-mobile-css=\"\" data-tablet-css=\"\" class=\"sp-el-col  sp-w-full\" style=\"width: calc(44% - 0px);\">\n<figure id=\"sp-arw1mg\" data-mobile-css=\"#sp-arw1mg|text-align:center;\" data-tablet-css=\"#sp-arw1mg|text-align:center;\" class=\"sp-image-wrapper sp-el-block\" style=\"margin: 0px; text-align: center;\">\n<div><span><img loading=\"lazy\" decoding=\"async\" src=\"https:\/\/amsystemas.com.br\/blog\/wp-content\/uploads\/2023\/02\/Distribuidores_Banner_1200x630px.png\" alt=\"Uma linda mulher feliz porque sabe que pode contar com a Amsystemas para emitir o seu certificado digital em Araucaria\" width=\"742\" height=\"630\" data-dynamic-tag=\"\" data-image-src=\"\" data-mobile-visibility=\".sp-image-block-arw1mg|false\" data-tablet-visibility=\".sp-image-block-arw1mg|false\" data-desktop-visibility=\".sp-image-block-arw1mg|false\" srcset=\" https:\/\/amsystemas.com.br\/blog\/wp-content\/uploads\/2023\/02\/Distribuidores_Banner_1200x630px-150x150.png 150w, https:\/\/amsystemas.com.br\/blog\/wp-content\/uploads\/2023\/02\/Distribuidores_Banner_1200x630px-300x255.png 300w, https:\/\/amsystemas.com.br\/blog\/wp-content\/uploads\/2023\/02\/Distribuidores_Banner_1200x630px.png 742w\" class=\"sp-image-block-arw1mg custom-preview-class\" style=\"width: 742px; border-width: 1px; border-style: solid; border-color: rgb(222, 222, 222);\"><\/span><\/div>\n<div id=\"sp-image-dynamic-tags-js-arw1mg\"><script>jQuery(function() { image_dynamic_tags('arw1mg' );});<\/script><\/div>\n<\/figure>\n<p><span href=\"\" target=\"\" rel=\"\" class=\"sp-header-block-link\" style=\"text-decoration: none;\"><\/p>\n<h2 id=\"sp-r24fbe\" data-mobile-css=\".sp-headline-block-r24fbe, #sp-r24fbe, #r24fbe|text-align:center;\" data-tablet-css=\".sp-headline-block-r24fbe, #sp-r24fbe, #r24fbe|text-align:center;\" data-mobile-visibility=\".sp-headline-block-r24fbe|false\" data-tablet-visibility=\".sp-headline-block-r24fbe|false\" data-desktop-visibility=\".sp-headline-block-r24fbe|false\" class=\"sp-css-target sp-el-block sp-headline-block-r24fbe sp-type-header\" style=\"text-align: center; margin: 0px;\"><\/h2>\n<p><\/span><\/div>\n<\/div>\n<div id=\"sp-n48yhq\" data-mobile-visibility=\"#sp-n48yhq|false\" data-tablet-visibility=\"#sp-n48yhq|false\" data-desktop-visibility=\"#sp-n48yhq|false\" data-mobile-css=\"\" data-tablet-css=\"\" class=\"sp-el-row sp-w-full  sp-m-auto sm:sp-flex sp-justify-between\">\n<div id=\"sp-yzxhc1\" data-mobile-visibility=\"#sp-yzxhc1|false\" data-tablet-visibility=\"#sp-yzxhc1|false\" data-desktop-visibility=\"#sp-yzxhc1|false\" data-mobile-css=\"\" data-tablet-css=\"\" class=\"sp-el-col  sp-w-full\" style=\"width: calc(40% - 0px);\">\n<div id=\"sp-fp3b8r\" data-mobile-css=\".sp-text-wrapper-fp3b8r, #sp-fp3b8r, #fp3b8r|text-align:left;\" data-tablet-css=\".sp-text-wrapper-fp3b8r, #sp-fp3b8r, #fp3b8r|text-align:left;\" data-mobile-visibility=\".sp-text-wrapper-fp3b8r|false\" data-tablet-visibility=\".sp-text-wrapper-fp3b8r|false\" data-desktop-visibility=\".sp-text-wrapper-fp3b8r|false\" class=\"sp-css-target sp-text-wrapper sp-el-block sp-text-block-style sp-text-wrapper-fp3b8r\" style=\"line-height: 1.6; font-size: 20px; font-family: 'Roboto'; margin: 0px; text-align: left;\">\n<p><strong>O<\/strong> certificado digital \u00e9 uma ferramenta fundamental para garantir a seguran\u00e7a e a autenticidade das informa\u00e7\u00f5es na internet.Ele funciona como uma identidade digital de uma pessoa ou empresa em transa\u00e7\u00f5es eletr\u00f4nicas.Al\u00e9m disso&nbsp; com o uso cada vez mais frequentes da internet para realizar negocia\u00e7\u00f5es comerciais, acessar servi\u00e7os p\u00fablicos e governamentais, a seguran\u00e7a das informa\u00e7\u00f5es agora \u00e9 fundamental. Com o certificado digital voc\u00ea tem uma camada extra de prote\u00e7\u00e3o, garantindo que as informa\u00e7\u00f5es trocadas sejam aut\u00eanticas e seguras.<\/p>\n<\/div>\n<\/div>\n<div id=\"sp-bbwe3i\" data-mobile-visibility=\"#sp-bbwe3i|false\" data-tablet-visibility=\"#sp-bbwe3i|false\" data-desktop-visibility=\"#sp-bbwe3i|false\" data-mobile-css=\"\" data-tablet-css=\"\" class=\"sp-el-col  sp-w-full\" style=\"width: calc(60% - 0px);\">\n<figure id=\"sp-nq2h7x\" data-mobile-css=\"#sp-nq2h7x|text-align:center;\" data-tablet-css=\"#sp-nq2h7x|text-align:center;\" class=\"sp-image-wrapper sp-el-block\" style=\"margin: 0px; text-align: right;\">\n<div><span><img loading=\"lazy\" decoding=\"async\" src=\"https:\/\/amsystemas.com.br\/blog\/wp-content\/uploads\/2023\/02\/2.png\" alt=\"Homen orgulhosso da compra; por ter escolhido a Amsystemas para fornecer o seu certificado digital\" width=\"1080\" height=\"1080\" data-dynamic-tag=\"\" data-image-src=\"\" data-mobile-visibility=\".sp-image-block-nq2h7x|false\" data-tablet-visibility=\".sp-image-block-nq2h7x|false\" data-desktop-visibility=\".sp-image-block-nq2h7x|false\" srcset=\" https:\/\/amsystemas.com.br\/blog\/wp-content\/uploads\/2023\/02\/2-150x150.png 150w, https:\/\/amsystemas.com.br\/blog\/wp-content\/uploads\/2023\/02\/2-300x300.png 300w, https:\/\/amsystemas.com.br\/blog\/wp-content\/uploads\/2023\/02\/2-1024x1024.png 1024w, https:\/\/amsystemas.com.br\/blog\/wp-content\/uploads\/2023\/02\/2.png 1080w\" class=\"sp-image-block-nq2h7x custom-preview-class\" style=\"padding: 4px; background-color: rgb(255, 255, 255); width: 742px; border-width: 1px; border-style: solid; border-color: rgb(255, 255, 255);\"><\/span><\/div>\n<div id=\"sp-image-dynamic-tags-js-nq2h7x\"><script>jQuery(function() { image_dynamic_tags('nq2h7x' );});<\/script><\/div>\n<\/figure>\n<\/div>\n<\/div>\n<\/section>\n<section id=\"sp-ud7rds\" data-mobile-visibility=\"#sp-ud7rds|false\" data-tablet-visibility=\"#sp-ud7rds|false\" data-desktop-visibility=\"#sp-ud7rds|false\" data-mobile-css=\"\" data-tablet-css=\"\" class=\"sp-el-section \" style=\"width: 100%; max-width: 100%;\">\n<div id=\"sp-n4dtdd\" data-mobile-visibility=\"#sp-n4dtdd|false\" data-tablet-visibility=\"#sp-n4dtdd|false\" data-desktop-visibility=\"#sp-n4dtdd|false\" data-mobile-css=\"\" data-tablet-css=\"\" class=\"sp-el-row sp-w-full  sp-m-auto sm:sp-flex sp-justify-between\">\n<div id=\"sp-kzv51b\" data-mobile-visibility=\"#sp-kzv51b|false\" data-tablet-visibility=\"#sp-kzv51b|false\" data-desktop-visibility=\"#sp-kzv51b|false\" data-mobile-css=\"\" data-tablet-css=\"\" class=\"sp-el-col  sp-w-full\" style=\"width: calc(100% - 0px);\"><span href=\"\" target=\"\" rel=\"\" class=\"sp-header-block-link\" style=\"text-decoration: none;\"><\/p>\n<h2 id=\"sp-o9mqzb\" data-mobile-css=\".sp-headline-block-o9mqzb, #sp-o9mqzb, #o9mqzb|text-align:center;\" data-tablet-css=\".sp-headline-block-o9mqzb, #sp-o9mqzb, #o9mqzb|text-align:center;\" data-mobile-visibility=\".sp-headline-block-o9mqzb|false\" data-tablet-visibility=\".sp-headline-block-o9mqzb|false\" data-desktop-visibility=\".sp-headline-block-o9mqzb|false\" class=\"sp-css-target sp-el-block sp-headline-block-o9mqzb sp-type-header\" style=\"text-align: center; margin: 0px;\">Ficou mais f\u00e1cil emitir seu Certificado Digital em Arauc\u00e1ria<\/h2>\n<p><\/span><\/div>\n<\/div>\n<div id=\"sp-sf18sq\" data-mobile-visibility=\"#sp-sf18sq|false\" data-tablet-visibility=\"#sp-sf18sq|false\" data-desktop-visibility=\"#sp-sf18sq|false\" data-mobile-css=\"\" data-tablet-css=\"\" class=\"sp-el-row sp-w-full  sp-m-auto sm:sp-flex sp-justify-between\">\n<div id=\"sp-fcjcuy\" data-mobile-visibility=\"#sp-fcjcuy|false\" data-tablet-visibility=\"#sp-fcjcuy|false\" data-desktop-visibility=\"#sp-fcjcuy|false\" data-mobile-css=\"\" data-tablet-css=\"\" class=\"sp-el-col  sp-w-full\" style=\"width: calc(100% - 0px);\">\n<div id=\"sp-yuzu7t\" data-mobile-css=\".sp-bulletlist-block-yuzu7t, #sp-yuzu7t|justify-content:flex-start;\" data-tablet-css=\".sp-bulletlist-block-yuzu7t, #sp-yuzu7t|justify-content:flex-start;\" data-mobile-visibility=\".sp-bulletlist-block-yuzu7t|false\" data-tablet-visibility=\".sp-bulletlist-block-yuzu7t|false\" data-desktop-visibility=\".sp-bulletlist-block-yuzu7t|false\" class=\"sp-flex sp-css-target sp-el-block sp-bulletlist-block-template-0 sp-justify-start sp-bulletlist-block-yuzu7t\" style=\"margin: 0px; color: rgb(30, 136, 229);\">\n<ul class=\"sp-bulletlist-wrapper\">\n<li data-mobile-css=\"\" data-tablet-css=\"\" class=\"sp-flex sp-items-center sp-bullet-list-item-yuzu7t-0 sp-justify-start\"><span class=\"sp-icon-wrapper sp-mr-4\"><\/span><span><strong>Com o seu certificado voc\u00ea pode:<\/strong><\/span><\/li>\n<\/ul>\n<\/div>\n<div id=\"sp-qd3lcl\" data-mobile-css=\".sp-bulletlist-block-qd3lcl, #sp-qd3lcl|justify-content:flex-start;\" data-tablet-css=\".sp-bulletlist-block-qd3lcl, #sp-qd3lcl|justify-content:flex-start;\" data-mobile-visibility=\".sp-bulletlist-block-qd3lcl|false\" data-tablet-visibility=\".sp-bulletlist-block-qd3lcl|false\" data-desktop-visibility=\".sp-bulletlist-block-qd3lcl|false\" class=\"sp-flex sp-css-target sp-el-block sp-bulletlist-block-template-0 sp-justify-start sp-bulletlist-block-qd3lcl\" style=\"margin: 0px;\">\n<ul class=\"sp-bulletlist-wrapper\">\n<li data-mobile-css=\"#sp-qd3lcl .sp-bullet-list-item-qd3lcl-0|padding:0px 0px 10px 0px ;\" data-tablet-css=\"#sp-qd3lcl .sp-bullet-list-item-qd3lcl-0|padding:0px 0px 10px 0px ;\" class=\"sp-flex sp-items-center sp-bullet-list-item-qd3lcl-0 sp-justify-start\" style=\"padding: 0px 0px 10px;\"><span class=\"sp-icon-wrapper sp-mr-4\"><i class=\"fa-fw fa-lg fas fa-check\" style=\"width: 32px; line-height: 32px;\"><\/i><\/span><span>Emitir de documentos fiscais&nbsp; como notas fiscais eletr\u00f4nicas;<\/span><\/li>\n<li data-mobile-css=\"#sp-qd3lcl .sp-bullet-list-item-qd3lcl-1|padding:0px 0px 10px 0px ;\" data-tablet-css=\"#sp-qd3lcl .sp-bullet-list-item-qd3lcl-1|padding:0px 0px 10px 0px ;\" class=\"sp-flex sp-items-center sp-bullet-list-item-qd3lcl-1 sp-justify-start\" style=\"padding: 0px 0px 10px;\"><span class=\"sp-icon-wrapper sp-mr-4\"><i class=\"fa-fw fa-lg fas fa-check\" style=\"width: 32px; line-height: 32px;\"><\/i><\/span><span>Assinar documentos eletr\u00f4nicos com validade jur\u00eddica;<\/span><\/li>\n<li data-mobile-css=\"#sp-qd3lcl .sp-bullet-list-item-qd3lcl-2|padding:0px 0px 10px 0px ;\" data-tablet-css=\"#sp-qd3lcl .sp-bullet-list-item-qd3lcl-2|padding:0px 0px 10px 0px ;\" class=\"sp-flex sp-items-center sp-bullet-list-item-qd3lcl-2 sp-justify-start\" style=\"padding: 0px 0px 10px;\"><span class=\"sp-icon-wrapper sp-mr-4\"><i class=\"fa-fw fa-lg fas fa-check\" style=\"width: 32px; line-height: 32px;\"><\/i><\/span><span>Garantir a seguran\u00e7a e a autenticidade das informa\u00e7\u00f5es<br \/><\/span><\/li>\n<li data-mobile-css=\"\" data-tablet-css=\"\" class=\"sp-flex sp-items-center sp-bullet-list-item-qd3lcl-3 sp-justify-start\"><span class=\"sp-icon-wrapper sp-mr-4\"><i class=\"fa-fw fa-lg fas fa-check\" style=\"width: 32px; line-height: 32px;\"><\/i><\/span><span><a href=\"..\/certificado-digital-garanta-a-seguranca-das-informacoes\/\">Quer saber mais sobre certificado digital<\/a><\/span><\/li>\n<\/ul>\n<\/div>\n<div id=\"sp-g5lgqp\" data-mobile-css=\".sp-text-wrapper-g5lgqp, #sp-g5lgqp, #g5lgqp|text-align:left;\" data-tablet-css=\".sp-text-wrapper-g5lgqp, #sp-g5lgqp, #g5lgqp|text-align:left;\" data-mobile-visibility=\".sp-text-wrapper-g5lgqp|false\" data-tablet-visibility=\".sp-text-wrapper-g5lgqp|false\" data-desktop-visibility=\".sp-text-wrapper-g5lgqp|false\" class=\"sp-css-target sp-text-wrapper sp-el-block sp-text-block-style sp-text-wrapper-g5lgqp\" style=\"font-size: 35px; margin: 0px; text-align: left;\"><\/div>\n<\/div>\n<\/div>\n<\/section>\n<section id=\"sp-wfiqch\" data-mobile-visibility=\"#sp-wfiqch|false\" data-tablet-visibility=\"#sp-wfiqch|false\" data-desktop-visibility=\"#sp-wfiqch|false\" data-mobile-css=\"\" data-tablet-css=\"\" class=\"sp-el-section \" style=\"width: 100%; max-width: 100%;\">\n<div id=\"sp-c8yq3b\" data-mobile-visibility=\"#sp-c8yq3b|false\" data-tablet-visibility=\"#sp-c8yq3b|false\" data-desktop-visibility=\"#sp-c8yq3b|false\" data-mobile-css=\"\" data-tablet-css=\"\" class=\"sp-el-row sp-w-full  sp-m-auto sm:sp-flex sp-justify-between\">\n<div id=\"sp-r4mlls\" data-mobile-visibility=\"#sp-r4mlls|false\" data-tablet-visibility=\"#sp-r4mlls|false\" data-desktop-visibility=\"#sp-r4mlls|false\" data-mobile-css=\"\" data-tablet-css=\"\" class=\"sp-el-col  sp-w-full\" style=\"width: calc(100% - 0px);\">\n<div id=\"sp-iitdnx\" data-mobile-css=\".sp-text-wrapper-iitdnx, #sp-iitdnx, #iitdnx|text-align:left;\" data-tablet-css=\".sp-text-wrapper-iitdnx, #sp-iitdnx, #iitdnx|text-align:left;\" data-mobile-visibility=\".sp-text-wrapper-iitdnx|false\" data-tablet-visibility=\".sp-text-wrapper-iitdnx|false\" data-desktop-visibility=\".sp-text-wrapper-iitdnx|false\" class=\"sp-css-target sp-text-wrapper sp-el-block sp-text-block-style sp-text-wrapper-iitdnx\" style=\"margin: 0px; text-align: left;\">\n<p>Oferta por tempo limitado! Adquira agora mesmo o certificado digital e proteja suas informa\u00e7\u00f5es online com seguran\u00e7a e confian\u00e7a!<\/p>\n<\/div>\n<\/div>\n<\/div>\n<div id=\"sp-h5r7bk\" data-mobile-visibility=\"#sp-h5r7bk|false\" data-tablet-visibility=\"#sp-h5r7bk|false\" data-desktop-visibility=\"#sp-h5r7bk|false\" data-mobile-css=\"\" data-tablet-css=\"\" class=\"sp-el-row sp-w-full  sp-m-auto sm:sp-flex sp-justify-between\">\n<div id=\"sp-i97p6j\" data-mobile-visibility=\"#sp-i97p6j|false\" data-tablet-visibility=\"#sp-i97p6j|false\" data-desktop-visibility=\"#sp-i97p6j|false\" data-mobile-css=\"\" data-tablet-css=\"\" class=\"sp-el-col  sp-w-full\" style=\"width: calc(50% - 0px);\">\n<div id=\"sp-qjta3r\" data-mobile-css=\".sp-text-wrapper-qjta3r, #sp-qjta3r, #qjta3r|text-align:left;\" data-tablet-css=\".sp-text-wrapper-qjta3r, #sp-qjta3r, #qjta3r|text-align:left;\" data-mobile-visibility=\".sp-text-wrapper-qjta3r|false\" data-tablet-visibility=\".sp-text-wrapper-qjta3r|false\" data-desktop-visibility=\".sp-text-wrapper-qjta3r|false\" class=\"sp-css-target sp-text-wrapper sp-el-block sp-text-block-style sp-text-wrapper-qjta3r\" style=\"margin: 0px; text-align: left;\">\n<h3 id=\"box-product-name\" class=\"product-description-title h5 main-color d-sm-inline-block mb-2 my-0 font-weight-bold w-100\"><strong style=\"color: blue;\">e-CPF | A1 &#8211; Arquivo<\/strong><\/h3>\n<p>de R$ <span style=\"text-decoration: line-through;\">174,90<\/span> <span class=\"preco\">por R$ 120,00<\/span>&nbsp;<br \/>(Certificado com validade de 12 meses)<\/p>\n<\/div>\n<\/div>\n<div id=\"sp-lx1xb6\" data-mobile-visibility=\"#sp-lx1xb6|false\" data-tablet-visibility=\"#sp-lx1xb6|false\" data-desktop-visibility=\"#sp-lx1xb6|false\" data-mobile-css=\"\" data-tablet-css=\"\" class=\"sp-el-col  sp-w-full\" style=\"width: calc(50% - 0px);\">\n<div id=\"sp-jjh1jm\" data-mobile-css=\".sp-text-wrapper-jjh1jm, #sp-jjh1jm, #jjh1jm|text-align:left;\" data-tablet-css=\".sp-text-wrapper-jjh1jm, #sp-jjh1jm, #jjh1jm|text-align:left;\" data-mobile-visibility=\".sp-text-wrapper-jjh1jm|false\" data-tablet-visibility=\".sp-text-wrapper-jjh1jm|false\" data-desktop-visibility=\".sp-text-wrapper-jjh1jm|false\" class=\"sp-css-target sp-text-wrapper sp-el-block sp-text-block-style sp-text-wrapper-jjh1jm\" style=\"margin: 0px; text-align: left;\">\n<h3 id=\"box-product-name\" class=\"product-description-title h5 main-color d-sm-inline-block mb-2 my-0 font-weight-bold w-100\" style=\"color: blue;\"><strong>e-CNPJ | A1 &#8211; Arquivo<\/strong><\/h3>\n<p>de <span style=\"text-decoration: line-through;\">248,90<\/span> <span class=\"preco\">por R$ 180,00<\/span>&nbsp;<br \/>(Certificado com validade de 12 meses)<\/p>\n<\/div>\n<\/div>\n<\/div>\n<\/section>\n<section id=\"sp-ge56no\" data-mobile-visibility=\"#sp-ge56no|false\" data-tablet-visibility=\"#sp-ge56no|false\" data-desktop-visibility=\"#sp-ge56no|false\" data-mobile-css=\"\" data-tablet-css=\"\" class=\"sp-el-section \" style=\"width: 100%; max-width: 100%;\">\n<div id=\"sp-xax70y\" data-mobile-visibility=\"#sp-xax70y|false\" data-tablet-visibility=\"#sp-xax70y|false\" data-desktop-visibility=\"#sp-xax70y|false\" data-mobile-css=\"\" data-tablet-css=\"\" class=\"sp-el-row sp-w-full  sp-m-auto sm:sp-flex sp-justify-between\">\n<div id=\"sp-cd6zu9\" data-mobile-visibility=\"#sp-cd6zu9|false\" data-tablet-visibility=\"#sp-cd6zu9|false\" data-desktop-visibility=\"#sp-cd6zu9|false\" data-mobile-css=\"\" data-tablet-css=\"\" class=\"sp-el-col  sp-w-full\" style=\"width: calc(100% - 0px);\">\n<div id=\"sp-button-parent-g7j2xa\" data-mobile-css=\"#sp-button-parent-g7j2xa|text-align:center;\" data-tablet-css=\"#sp-button-parent-g7j2xa|text-align:center;\" class=\"sp-button-wrapper sp-el-block\" style=\"margin: 0px; text-align: center;\"><a href=\"https:\/\/api.whatsapp.com\/send\/?phone=554135521191\" id=\"sp-g7j2xa\" data-mobile-css=\"\" data-tablet-css=\"\" data-mobile-visibility=\".sp-button-g7j2xa|false\" data-tablet-visibility=\".sp-button-g7j2xa|false\" data-desktop-visibility=\".sp-button-g7j2xa|false\" target=\"\" rel=\"\" class=\"sp-button sp-css-target sp-text-center sp-inline-block sp-leading-none sp-button-g7j2xa\" style=\"font-size: 22px; background: rgb(0, 0, 0); color: rgb(255, 255, 255); width: auto; padding: 16px 20px; border-radius: 4px;\"><span>Solicite Agora seu Certificado Digital<\/span><\/a><\/div>\n<\/div>\n<\/div>\n<\/section>\n<section id=\"sp-fbwhib\" data-mobile-visibility=\"#sp-fbwhib|false\" data-tablet-visibility=\"#sp-fbwhib|false\" data-desktop-visibility=\"#sp-fbwhib|false\" data-mobile-css=\"\" data-tablet-css=\"\" class=\"sp-el-section \" style=\"width: 100%; max-width: 100%;\">\n<div id=\"sp-z94b3k\" data-mobile-visibility=\"#sp-z94b3k|false\" data-tablet-visibility=\"#sp-z94b3k|false\" data-desktop-visibility=\"#sp-z94b3k|false\" data-mobile-css=\"\" data-tablet-css=\"\" class=\"sp-el-row sp-w-full  sp-m-auto sm:sp-flex sp-justify-between\">\n<div id=\"sp-c03jn4\" data-mobile-visibility=\"#sp-c03jn4|false\" data-tablet-visibility=\"#sp-c03jn4|false\" data-desktop-visibility=\"#sp-c03jn4|false\" data-mobile-css=\"\" data-tablet-css=\"\" class=\"sp-el-col  sp-w-full\" style=\"width: calc(100% - 0px);\">\n<div id=\"sp-rydrpr\" data-mobile-css=\".sp-text-wrapper-rydrpr, #sp-rydrpr, #rydrpr|text-align:left;\" data-tablet-css=\".sp-text-wrapper-rydrpr, #sp-rydrpr, #rydrpr|text-align:left;\" data-mobile-visibility=\".sp-text-wrapper-rydrpr|false\" data-tablet-visibility=\".sp-text-wrapper-rydrpr|false\" data-desktop-visibility=\".sp-text-wrapper-rydrpr|false\" class=\"sp-css-target sp-text-wrapper sp-el-block sp-text-block-style sp-text-wrapper-rydrpr\" style=\"text-transform: capitalize; font-size: 31px; margin: 0px; text-align: left;\">\n<p style=\"text-align: center;\">Fone: (41) 9 9865-2853 \/ (41) 3552-1191<\/p>\n<p style=\"text-align: center;\">Av.Victor do Amaral 1691-SL 6 Arauc\u00e1ria &#8211; PR<\/p>\n<\/div>\n<\/div>\n<\/div>\n<\/section>\n<section id=\"sp-cez7ee\" data-mobile-visibility=\"#sp-cez7ee|false\" data-tablet-visibility=\"#sp-cez7ee|false\" data-desktop-visibility=\"#sp-cez7ee|false\" data-mobile-css=\"\" data-tablet-css=\"\" class=\"sp-el-section \" style=\"width: 100%; max-width: 100%;\">\n<div id=\"sp-epfxg7\" data-mobile-visibility=\"#sp-epfxg7|false\" data-tablet-visibility=\"#sp-epfxg7|false\" data-desktop-visibility=\"#sp-epfxg7|false\" data-mobile-css=\"\" data-tablet-css=\"\" class=\"sp-el-row sp-w-full  sp-m-auto sm:sp-flex sp-justify-between\"><\/div>\n<\/section>\n<\/div>\n","protected":false},"excerpt":{"rendered":"<p>Certificado digital em Arauc\u00e1ria Precisa emitir seu Certificado Digital em Arauc\u00e1ria? A principio Conte com a Amsystemas, que traz para perto de voc\u00ea comodidade,facilidade e seguran\u00e7a na hora de emitir seu certificado. O certificado digital \u00e9 uma ferramenta fundamental para garantir a seguran\u00e7a e a autenticidade das informa\u00e7\u00f5es na internet.Ele funciona como uma identidade digital [&hellip;]<\/p>\n","protected":false},"author":1,"featured_media":0,"parent":0,"menu_order":0,"comment_status":"closed","ping_status":"closed","template":"","meta":{"om_disable_all_campaigns":false,"_monsterinsights_skip_tracking":false,"_monsterinsights_sitenote_active":false,"_monsterinsights_sitenote_note":"","_monsterinsights_sitenote_category":0,"footnotes":""},"class_list":["post-6","page","type-page","status-publish","hentry"],"aioseo_notices":[],"_links":{"self":[{"href":"https:\/\/amsystemas.com.br\/blog\/wp-json\/wp\/v2\/pages\/6","targetHints":{"allow":["GET"]}}],"collection":[{"href":"https:\/\/amsystemas.com.br\/blog\/wp-json\/wp\/v2\/pages"}],"about":[{"href":"https:\/\/amsystemas.com.br\/blog\/wp-json\/wp\/v2\/types\/page"}],"author":[{"embeddable":true,"href":"https:\/\/amsystemas.com.br\/blog\/wp-json\/wp\/v2\/users\/1"}],"replies":[{"embeddable":true,"href":"https:\/\/amsystemas.com.br\/blog\/wp-json\/wp\/v2\/comments?post=6"}],"version-history":[{"count":86,"href":"https:\/\/amsystemas.com.br\/blog\/wp-json\/wp\/v2\/pages\/6\/revisions"}],"predecessor-version":[{"id":272,"href":"https:\/\/amsystemas.com.br\/blog\/wp-json\/wp\/v2\/pages\/6\/revisions\/272"}],"wp:attachment":[{"href":"https:\/\/amsystemas.com.br\/blog\/wp-json\/wp\/v2\/media?parent=6"}],"curies":[{"name":"wp","href":"https:\/\/api.w.org\/{rel}","templated":true}]}}